is divided by (-18)/(-8)*(-128)/(-24).
11
Suppose 9*w - 68 = 49. Let s = w - -14. What is the remainder when 51 is divided by s?
24
Suppose v + 109 = -2*w, 0*w = -v + 5*w - 74. Let m = v + 142. Calculate the remainder when m is divided by 22.
21
Suppose 3*z + 2*n - 14 = -0*n, n + 2 = 3*z. Suppose -b - 4*p = -0*p - 139, -b - z*p = -137. Calculate the remainder when b is divided by 23.
20
Suppose -4*p + 139 = -25. Let i(k) = 65*k. Let y be i(1). Let j = y + -43. What is the remainder when p is divided by j?
19
Let m = 3258 + -2504. Calculate the remainder when m is divided by 42.
40
Let k = -28 - -57. What is the remainder when k is divided by (8 - (7 - 2))*4?
5
Suppose 3*a + 3*r - 32 = 52, 4*a - 2*r = 100. Suppose 0 = 61*s - 72*s + 1969. Calculate the remainder when s is divided by a.
23
Let w be 16*1/((-1)/(-2)). Let k(z) = -2*z**2 + 11. Let f be k(0). Calculate the remainder when 68/f - w/176 is divided by 4.
2
Let r(l) = l**2 - 7*l + 8. Let u(b) = -1. Let d(n) = r(n) + 3*u(n). Let q be (2/8)/(9/252). Calculate the remainder when 17 is divided by d(q).
2
Suppose -j + 64 = 3*j. What is the remainder when 34 is divided by (18/(-8))/((-2)/j)?
16
Let i(y) = -12*y**3 - 2*y**2 - 3*y. What is the remainder when 24 is divided by i(-1)?
11
Let k(y) = y**3 - 12*y**2 - 11*y - 17. Let g be k(13). Suppose 4*m = g*m - 10. Let z = 12 - 8. What is the remainder when z is divided by m?
0
Suppose -8 = -3*d + 4. Let s(w) = -w**2 - 10*w - 2. Let k be s(-10). Calculate the remainder when (-84)/20 + k/(-10) + 15 is divided by d.
3
Let p be 7*24/42*(-10)/8. Let x = -9 + 16. Calculate the remainder when p/((8/(-20))/2) is divided by x.
4
Let j(x) = -x**3 - 5*x**2 + 3*x + 1. Let n be j(-6). Let z = -12 + n. What is the remainder when 3*((-328)/(-12))/2 is divided by z?
6
Let j(v) = 2*v + 39. Calculate the remainder when 60 is divided by j(-7).
10
Let w(b) = 11*b + 798. What is the remainder when 236 is divided by w(-70)?
12
Let b(o) = -o**3 + 4*o**2 + 7*o + 249. What is the remainder when b(0) is divided by 24?
9
Suppose 2 = 2*v, -63*v = -g - 66*v + 49. Calculate the remainder when 99 is divided by g.
7
Let t(c) = c + 4. Let q be t(2). Let u(v) = 2*v**3 - 10*v**2 - 10*v + 1. Calculate the remainder when 48 is divided by u(q).
9
Suppose -3*m + 90 = 2*m. Suppose -12058 = -114*x + 140. What is the remainder when x is divided by m?
17
Let l(d) = 4*d**2 + 93*d - 8. Calculate the remainder when l(-24) is divided by 61.
3
Let z(x) = x**3 + x**2 - 13*x - 8. Calculate the remainder when 190 is divided by z(4).
10
Let m = 16 + -14. Suppose 5*g - 3*r - 156 = -6, 4*g + m*r = 98. Calculate the remainder when g is divided by (-8)/(-20) + 146/10.
12
Let w(m) = 3 + 5*m + 0 - m**2 - 2 + 4. Let n be w(5). Suppose 12 = n*r - 68. What is the remainder when 29 is divided by r?
13
Let z(r) be the third derivative of r**4/24 + 11*r**3/3 - 16*r**2. Let l = -10 + 10. What is the remainder when z(l) is divided by 6?
4
Suppose 0 = -15*m - 61*m + 11628. Calculate the remainder when 913 is divided by m.
148
Let a = -60 + 125. Calculate the remainder when a is divided by 23.
19
Suppose -4*l + 260 = -2*l. Let x be -4 - (-774)/15 - 2/(-5). Suppose -4*a = 3*m - 87, -m - 5*a - x = -2*m. What is the remainder when l is divided by m?
31
Let w = 15 - 12. Let v(q) = -q**3 + 5*q**2 - 3*q - 2. Let s be v(w). Suppose s = m - 33. Calculate the remainder when m is divided by 14.
12
Suppose 3*l - 5*v = -8, 3*l - l - 12 = -v. Suppose -p + 2*i = -22, -p + l*i + 68 = 3*p. What is the remainder when 22 is divided by p?
10
Suppose 4*p + 2 = 5*p. Suppose -p*z - 17 = -7*z - 2*s, 5*z = 4*s + 41. Suppose 5*q = 4 + 1, z*w + 5*q - 75 = 0. Calculate the remainder when w is divided by 8.
6
Let c(k) = -4*k - 54. Suppose 5 + 1 = 4*z + 5*h, z = h + 6. Calculate the remainder when c(-17) is divided by z.
2
Let k(j) = 624*j**2 + 118*j - 235. Calculate the remainder when k(2) is divided by 51.
49
Suppose 30 = 6*t - 606. Let q = 109 - t. What is the remainder when 4 is divided by q?
1
Suppose x - 3*n - 19 - 182 = 0, -3*n - 1017 = -5*x. What is the remainder when x is divided by 16?
12
Let y = -59 + 74. Suppose 4*a + y = 9*a. Suppose 0 = 3*l + 4*u - 25, 2*l - 5*u = -0*u - 14. What is the remainder when l is divided by a?
0
Suppose 26 = -c + 137. Let o(f) = f**3 + 25*f**2 + 24*f + 28. What is the remainder when c is divided by o(-24)?
27
Let a = -10 - -60. Let v = 3 - -14. What is the remainder when a is divided by v?
16
Let d = 1202 - 884. Calculate the remainder when d is divided by 64.
62
Let h(y) = -y + 7. Let u(d) = -9*d + 69. Let m(x) = -21*h(x) + 2*u(x). Let q be ((-56)/6)/7*-6. Calculate the remainder when 57 is divided by m(q).
12
Let j(t) = -5*t - 71. Let m be j(-11). Calculate the remainder when -132*((-4)/m)/(-1) is divided by 20.
13
Suppose -6*c = w - 5*c - 11, -4*c = 3*w - 32. What is the remainder when 24 is divided by w?
0
Let w(g) = -g**3 + 9*g**2 - 8*g + 92. What is the remainder when w(8) is divided by 7?
1
Let n(i) be the first derivative of -i**4/4 + i**3/3 - i**2/2 + 6*i + 4. Let d be n(0). Calculate the remainder when ((-27)/d)/(4/(-16)) is divided by 10.
8
Suppose 3 = -5*n + 8. Suppose 3*s - i = -17, 4*s - n = -3*i - 2. What is the remainder when 37 is divided by (10/s - -2)*-26?
11
Suppose -284*k + 132 = -273*k. What is the remainder when 165 is divided by k?
9
Suppose -46 = -5*m + 14. What is the remainder when 270 is divided by m?
6
Suppose 4*q = 169 + 51. Let m = -362 + 377. What is the remainder when q is divided by m?
10
Let g be 4/14 - (-30)/42. Let j be (-2)/g*1*-2. Suppose 17 = o + j. Calculate the remainder when o is divided by 4.
1
Let r(d) = 2*d - 10. Let w be r(7). Suppose -w*t = -26 - 6. Calculate the remainder when (280/147*-3)/((-22)/77) is divided by t.
4
Let j be 1 + -3 + 0 + 46. Let o = j - 36. Calculate the remainder when 28 is divided by o.
4
Let w = 69 + 26. What is the remainder when w is divided by 48?
47
Let b(u) = -109*u**3 + u**2 - 2. Let p be b(1). Let j = 33 - p. What is the remainder when j is divided by 36?
35
Suppose -2*r = -5*r - 24. Suppose 4*z = -z + 115. Let p = z - r. Calculate the remainder when p is divided by 16.
15
Let c = 236 - 203. What is the remainder when c is divided by 10?
3
Suppose -23*z = -821 - 1893. What is the remainder when z is divided by 12?
10
Let c(t) = -10*t + 3. Let s be (-4)/2*(-9)/(-6). Suppose 0 = -4*f + 8*f + 3*l - 63, 0 = -2*f + 4*l + 48. Calculate the remainder when c(s) is divided by f.
15
Suppose 0*y + 6 = 3*y. Suppose -12 = -b - y*b. Suppose -2*r + 3 = w - b, r = w + 11. Calculate the remainder when 29 is divided by r.
5
Suppose -32 = o - 93. Suppose 297 = 3*l + t, l + t = -4*t + 99. Suppose 4*g = 3*z - 5*z + 78, -5*z - l = -4*g. Calculate the remainder when o is divided by g.
19
Let m(h) = -4*h**2 + 23*h + 22. Calculate the remainder when m(6) is divided by 10.
6
Let j be (6 + -3)/((-21)/(-455)). Let u = 88 - j. Calculate the remainder when 43 is divided by u.
20
Suppose f - 2 = 3*t, -t + 0 = 2. What is the remainder when f - ((4 - 1) + -54) is divided by 25?
22
Let z(t) = 2*t**2 - t + 11. Suppose -4*x + 4*i + 15 + 17 = 0, -3*i = -5*x + 44. What is the remainder when z(4) is divided by x?
9
Let k = 408 - -160. Let p = k - 306. Calculate the remainder when p is divided by 24.
22
Suppose 67*l - 172 - 163 = 0. Suppose -28 = -3*r + 2*u - 4*u, 2*r - 2*u - 32 = 0. What is the remainder when r is divided by l?
2
Suppose 13*j + 8 = 17*j. Suppose -j*x + 2*w + 32 = 0, -w = -6*w - 5. What is the remainder when 58 is divided by x?
13
Let n = 219 - 62. Suppose 5*k = n + 603. What is the remainder when k is divided by 11?
9
Suppose 34 = 4*b - 70. Calculate the remainder when 387 is divided by b.
23
Let u(j) = -j**2 - 9*j + 8. What is the remainder when u(-6) is divided by 4?
2
Suppose -w = 2*j - 10, 8 = 6*j - 4*j. Suppose -2*o - 28 = -3*s, -w*o + 27 = 2*s - 5. Calculate the remainder when 43 is divided by s.
7
Let o be ((-6)/2 + 12/6)*-310. Suppose -10*m + o + 130 = 0. Suppose 4*c + 15 = 107. Calculate the remainder when m is divided by c.
21
Suppose 22 = -3*v - 4*c, v - 1 = c + 1. What is the remainder when (0 + 1)/(v/(-26)) is divided by 7?
6
Suppose 0*q - 25 = -4*q - 3*x, -4*x + 3 = q. Suppose 0 = 10*c - q*c - 24. What is the remainder when 25 i